{"id":84,"date":"2015-07-09T19:09:47","date_gmt":"2015-07-09T17:09:47","guid":{"rendered":"https:\/\/ratownictwo.nodo.pl\/?page_id=84"},"modified":"2019-06-28T14:08:39","modified_gmt":"2019-06-28T12:08:39","slug":"materialy-szkoleniowe","status":"publish","type":"page","link":"https:\/\/ratownictwo.nodo.pl\/?page_id=84","title":{"rendered":"Przepisy dot. ratownictwa wodnego"},"content":{"rendered":"<p>Przepisy<\/p>\n<p><a href=\"https:\/\/ratownictwo.nodo.pl\/wp-content\/uploads\/2019\/06\/D20171566Lj-Prawo-wodne.pdf\" target=\"_blank\" rel=\"noopener noreferrer\">Ustawa Prawo wodne<\/a><\/p>\n<p><a href=\"https:\/\/ratownictwo.nodo.pl\/wp-content\/uploads\/2019\/06\/D20111240Lj-ustawa-obszary-wodne.pdf\" target=\"_blank\" rel=\"noopener noreferrer\">Podstawa prawna ratownictwa wodnego<br \/>\n<\/a>(Ustawa z dnia 18 sierpnia 2011 r. o bezpiecze\u0144stwie na obszarach wodnych)<br \/>\n<a href=\"https:\/\/ratownictwo.nodo.pl\/wp-content\/uploads\/2019\/06\/Wyja%C5%9Bnienia_wykonywanie_ratownictwa_wodnego-2018.pdf\" target=\"_blank\" rel=\"noopener noreferrer\">Wyja\u015bnienia MSWiA (2018 r.) dot. wykonywania ratownictwa wodnego<\/a><br \/>\n<a title=\"Stopnie w WOPR do 2012 r.\" href=\"https:\/\/ratownictwo.nodo.pl\/wp-content\/uploads\/2015\/09\/stopnie-WOPR-do-2012.pdf\" target=\"_blank\" rel=\"noopener noreferrer\">O\u015bwiadczenie ZG WOPR w sprawie stopni ratowniczych<\/a> wydanych do 01 stycznia 2012 r. &#8211; <a title=\"Tabela stopni w WOPR do 2012 r.\" href=\"https:\/\/ratownictwo.nodo.pl\/wp-content\/uploads\/2015\/09\/stopnie-WOPR-do-2012-tab.pdf\" target=\"_blank\" rel=\"noopener noreferrer\">zestawienie tabelaryczne<\/a><\/p>\n<p><a href=\"https:\/\/ratownictwo.nodo.pl\/wp-content\/uploads\/2015\/03\/rozp-szkolenia-WOPR.pdf\" target=\"_blank\" rel=\"noopener noreferrer\">Szkolenie ratownik\u00f3w<br \/>\n<\/a>(Rozporz\u0105dzenie ministra spraw wewn\u0119trznych z dnia 21 czerwca 2012 r. w sprawie szkole\u0144 w ratownictwie wodnym)<br \/>\n<a href=\"https:\/\/ratownictwo.nodo.pl\/wp-content\/uploads\/2019\/06\/Wyjasnienia_szkolenia_ratownictwo_wodne-2018.pdf\" target=\"_blank\" rel=\"noopener noreferrer\">Wyja\u015bnienia MSWiA (2018 r.) dot. szkole\u0144 ratownik\u00f3w wodnych<\/a><\/p>\n<p><a style=\"line-height: 1.5;\" href=\"https:\/\/ratownictwo.nodo.pl\/wp-content\/uploads\/2015\/07\/rozp-zatrud-ratow.pdf\" target=\"_blank\" rel=\"noopener noreferrer\">Normy zatrudnienia ratownik\u00f3w<br \/>\n<\/a>(Rozporz\u0105dzenie ministra spraw wewn\u0119trznych z dnia 23 stycznia 2012 r. w sprawie minimalnych wymaga\u0144 dotycz\u0105cych liczby ratownik\u00f3w wodnych zapewniaj\u0105cych sta\u0142\u0105 kontrol\u0119 wyznaczonego obszaru wodnego)<br \/>\n<a href=\"https:\/\/ratownictwo.nodo.pl\/wp-content\/uploads\/2019\/06\/D20180118-zmiany-liczba-rat.pdf\" target=\"_blank\" rel=\"noopener noreferrer\">Zmiana rozporz\u0105dzenia<\/a><br \/>\n<a title=\"Liczba zatrudnionych ratownik\u00f3w na p\u0142ywalni\" href=\"https:\/\/ratownictwo.nodo.pl\/wp-content\/uploads\/2015\/09\/Stanowisko-MSW-plywalnie.pdf\" target=\"_blank\" rel=\"noopener noreferrer\">Stanowisko MSW w sprawie liczby zatrudnianych ratownik\u00f3w na p\u0142ywalniach<\/a>.<\/p>\n<p><a href=\"https:\/\/ratownictwo.nodo.pl\/wp-content\/uploads\/2015\/07\/rozp-sprzet-ratow.pdf\" target=\"_blank\" rel=\"noopener noreferrer\">Wyposa\u017cenie miejsc do k\u0105pieli<br \/>\n<\/a>(Rozporz\u0105dzenie ministra spraw wewn\u0119trznych z dnia 27 lutego 2012 r.\u00a0w sprawie wymaga\u0144 dotycz\u0105cych wyposa\u017cenia wyznaczonych obszar\u00f3w wodnych w sprz\u0119t ratunkowy\u00a0i pomocniczy, urz\u0105dzenia sygnalizacyjne i ostrzegawcze oraz sprz\u0119t medyczny, leki i artyku\u0142y sanitarne)<br \/>\n<a href=\"https:\/\/ratownictwo.nodo.pl\/wp-content\/uploads\/2019\/06\/D20180189-zmiany-wyposazenie.pdf\" target=\"_blank\" rel=\"noopener noreferrer\">Zmiana rozporz\u0105dzenia<\/a><\/p>\n<p><a href=\"https:\/\/ratownictwo.nodo.pl\/wp-content\/uploads\/2015\/07\/rozp-oznakowanie-teren-wod.pdf\" target=\"_blank\" rel=\"noopener noreferrer\">Oznakowanie i sygnalizacja<br \/>\n<\/a>(Rozporz\u0105dzenie ministra spraw wewn\u0119trznych z dnia 6 marca 2012 r.\u00a0w sprawie sposobu oznakowania i zabezpieczania obszar\u00f3w wodnych oraz wzor\u00f3w znak\u00f3w zakazu,\u00a0nakazu oraz znak\u00f3w informacyjnych i flag)<br \/>\n<a href=\"https:\/\/ratownictwo.nodo.pl\/wp-content\/uploads\/2019\/06\/D20180153-zmiany-oznakowanie.pdf\" target=\"_blank\" rel=\"noopener noreferrer\">Zmiana rozporz\u0105dzenia<\/a><\/p>\n<p><a href=\"https:\/\/ratownictwo.nodo.pl\/wp-content\/uploads\/2019\/06\/D2018000247601-MZ-kapieliska.pdf\" target=\"_blank\" rel=\"noopener noreferrer\">Ewidencja i oznakowanie<\/a><br \/>\n(Rozporz\u0105dzenie ministra zdrowia z dnia 21 grudnia 2018 r. w sprawie ewidencji oraz sposobu oznakowania k\u0105pielisk i miejsc okazjonalnie wykorzystywanych do k\u0105pieli)<\/p>\n","protected":false},"excerpt":{"rendered":"<p>Przepisy Ustawa Prawo wodne Podstawa prawna ratownictwa wodnego (Ustawa z dnia 18 sierpnia 2011 r. o bezpiecze\u0144stwie na obszarach wodnych) Wyja\u015bnienia MSWiA (2018 r.) dot. wykonywania ratownictwa wodnego O\u015bwiadczenie ZG &hellip; <a href=\"https:\/\/ratownictwo.nodo.pl\/?page_id=84\" class=\"more-link\">Czytaj dalej <span class=\"screen-reader-text\">Przepisy dot. ratownictwa wodnego<\/span> <span class=\"meta-nav\">&rarr;<\/span><\/a><\/p>\n","protected":false},"author":2,"featured_media":0,"parent":0,"menu_order":0,"comment_status":"closed","ping_status":"closed","template":"","meta":{"footnotes":""},"_links":{"self":[{"href":"https:\/\/ratownictwo.nodo.pl\/index.php?rest_route=\/wp\/v2\/pages\/84"}],"collection":[{"href":"https:\/\/ratownictwo.nodo.pl\/index.php?rest_route=\/wp\/v2\/pages"}],"about":[{"href":"https:\/\/ratownictwo.nodo.pl\/index.php?rest_route=\/wp\/v2\/types\/page"}],"author":[{"embeddable":true,"href":"https:\/\/ratownictwo.nodo.pl\/index.php?rest_route=\/wp\/v2\/users\/2"}],"replies":[{"embeddable":true,"href":"https:\/\/ratownictwo.nodo.pl\/index.php?rest_route=%2Fwp%2Fv2%2Fcomments&post=84"}],"version-history":[{"count":31,"href":"https:\/\/ratownictwo.nodo.pl\/index.php?rest_route=\/wp\/v2\/pages\/84\/revisions"}],"predecessor-version":[{"id":571,"href":"https:\/\/ratownictwo.nodo.pl\/index.php?rest_route=\/wp\/v2\/pages\/84\/revisions\/571"}],"wp:attachment":[{"href":"https:\/\/ratownictwo.nodo.pl\/index.php?rest_route=%2Fwp%2Fv2%2Fmedia&parent=84"}],"curies":[{"name":"wp","href":"https:\/\/api.w.org\/{rel}","templated":true}]}}